 the greatest common factor of 526 and 772.
2
What is the highest common divisor of 86973 and 318?
159
What is the greatest common factor of 3174 and 48?
6
Calculate the greatest common factor of 54660 and 50.
10
Calculate the highest common factor of 1044 and 58860.
36
Calculate the highest common divisor of 1400 and 32.
8
Calculate the greatest common factor of 1615 and 4655.
95
Calculate the greatest common factor of 18122 and 531934.
1066
What is the greatest common divisor of 403 and 7943?
13
Calculate the greatest common divisor of 129550 and 75.
25
What is the greatest common factor of 11822 and 2070?
46
What is the highest common factor of 375 and 737625?
375
Calculate the greatest common divisor of 564 and 43052.
188
Calculate the highest common divisor of 6104 and 1094142.
1526
What is the greatest common divisor of 23 and 1237653?
23
Calculate the greatest common divisor of 14910 and 17430.
210
Calculate the greatest common factor of 85206 and 110.
22
What is the greatest common divisor of 11 and 30833?
11
Calculate the highest common factor of 85 and 40005.
5
What is the greatest common factor of 445521 and 1067?
97
What is the highest common divisor of 406 and 4914?
14
Calculate the greatest common divisor of 101457 and 45.
9
Calculate the highest common factor of 120 and 43832.
8
Calculate the greatest common factor of 39 and 105027.
39
Calculate the greatest common factor of 15115761 and 27.
27
What is the greatest common divisor of 1903 and 16313?
11
Calculate the highest common factor of 9077 and 15428.
29
What is the greatest common divisor of 233320 and 836?
76
Calculate the highest common factor of 1717 and 629.
17
What is the greatest common divisor of 454805 and 195?
65
What is the highest common divisor of 181478 and 8833?
803
What is the highest common factor of 1227695 and 490?
245
Calculate the greatest common factor of 3590 and 860.
10
What is the greatest common factor of 309230 and 102?
34
Calculate the highest common divisor of 103922 and 2184.
182
What is the highest common divisor of 99 and 77451?
33
Calculate the highest common divisor of 711020 and 73.
73
What is the highest common divisor of 370 and 74555?
185
Calculate the highest common factor of 2706 and 9.
3
What is the greatest common factor of 776 and 1843?
97
Calculate the greatest common divisor of 1770934 and 22.
22
What is the highest common divisor of 92 and 201986?
46
Calculate the greatest common divisor of 22032 and 112.
16
What is the highest common factor of 2209357 and 23?
23
What is the greatest common divisor of 1564 and 9637?
23
What is the greatest common factor of 6574 and 5536?
346
Calculate the greatest common divisor of 1232 and 1397616.
176
Calculate the greatest common divisor of 74664 and 2754.
306
What is the highest common factor of 344 and 114638?
86
What is the highest common divisor of 844 and 1761428?
844
Calculate the greatest common factor of 411004 and 517.
11
Calculate the greatest common factor of 32268 and 114.
6
Calculate the highest common factor of 14297 and 2567.
17
Calculate the greatest common divisor of 656 and 60393.
41
Calculate the highest common divisor of 2202300 and 30.
30
Calculate the greatest common divisor of 6061 and 2729654.
551
Calculate the greatest common factor of 8300 and 41680.
20
Calculate the greatest common factor of 10 and 245970.
10
What is the greatest common factor of 1586761 and 3685?
737
Calculate the highest common divisor of 1341764 and 356.
356
What is the highest common divisor of 13828551 and 33?
33
Calculate the greatest common divisor of 1224 and 44336.
136
What is the greatest common factor of 4165 and 1155?
35
What is the highest common factor of 14 and 5488?
14
What is the highest common factor of 19380 and 14620?
340
Calculate the highest common divisor of 212 and 110982.
106
What is the highest common divisor of 363 and 25179?
33
Calculate the highest common divisor of 3350 and 109210.
670
Calculate the highest common divisor of 769428 and 696.
348
Calculate the highest common factor of 78 and 30706.
26
What is the highest common factor of 2690 and 305?
5
Calculate the highest common factor of 202 and 994951.
101
What is the highest common divisor of 25 and 336305?
5
Calculate the greatest common divisor of 156 and 25884.
12
Calculate the highest common divisor of 7809 and 342.
57
Calculate the highest common divisor of 45487 and 117.
13
Calculate the highest common factor of 209718 and 5124.
366
Calculate the highest common factor of 95892 and 4.
4
Calculate the highest common factor of 2947 and 2.
1
Calculate the greatest common divisor of 71179 and 8058.
1343
Calculate the greatest common divisor of 226670 and 160.
10
What is the greatest common factor of 27807 and 76973?
403
What is the greatest common divisor of 479518 and 26?
26
What is the greatest common divisor of 38575 and 175?
25
Calculate the greatest common factor of 193269 and 138.
69
Calculate the greatest common divisor of 1539 and 10287.
81
Calculate the highest common factor of 5687 and 88.
11
What is the highest common divisor of 1573 and 9230?
13
What is the greatest common factor of 285779 and 532?
19
What is the greatest common divisor of 6384 and 68894?
266
What is the highest common factor of 365205 and 1506?
753
What is the highest common divisor of 354876 and 108?
12
Calculate the highest common factor of 1370520 and 135.
135
Calculate the greatest common divisor of 277502 and 89.
89
What is the greatest common factor of 8609 and 5?
1
What is the highest common factor of 15140571 and 251?
251
Calculate the highest common divisor of 6654 and 9.
3
What is the highest common factor of 303524 and 156?
52
Calculate the highest common divisor of 20 and 21875.
5
What is the greatest common divisor of 287885 and 86?
43
Calculate the highest common factor of 6498 and 47291.
361
What is the highest common factor of 35 and 69370?
35
Calculate the greatest common factor of 78227 and 1233.
137
What is the highest common divisor of 48443 and 14056?
251
Calculate the greatest common factor of 2679 and 69274.
19
What is the highest common divisor of 8433298 and 101?
101
What is the highest common divisor of 289 and 21250?
17
Calculate the greatest common divisor of 148707 and 5904.
369
What is the highest common factor of 9452 and 5916?
68
Calculate the highest common divisor of 11228 and 8960.
28
What is the greatest common factor of 106600 and 280?
40
Calculate the greatest common factor of 30396 and 204.
204
What is the greatest common factor of 187 and 32521?
17
What is the greatest common factor of 49312 and 533856?
2144
What is the highest common divisor of 208 and 20368?
16
What is the highest common factor of 3990 and 45420?
30
What is the greatest common divisor of 1904 and 329168?
112
Calculate the highest common factor of 33936 and 28.
28
Calculate the highest common factor of 4199 and 2432.
19
What is the highest common factor of 50116 and 39270?
374
What is the highest common divisor of 620 and 288300?
620
What is the highest common factor of 2916 and 4068?
36
Calculate the greatest common divisor of 6228 and 5112.
36
Calculate the greatest common factor of 1841724 and 432.
108
What is the greatest common divisor of 27488 and 88477?
859
Calculate the greatest common factor of 155 and 1006105.
155
Calculate the highest common factor of 704 and 2970.
22
Calculate the greatest common factor of 179523 and 86328.
981
What is the greatest common divisor of 127 and 4394200?
127
Calculate the highest common factor of 90739 and 1095.
73
What is the greatest common factor of 27 and 6381?
9
Calculate the highest common factor of 2022 and 9773.
337
What is the highest common factor of 623331 and 18?
9
What is the highest common divisor of 7348 and 7964?
44
Calculate the highest common factor of 7830 and 165.
15
Calculate the highest common divisor of 78 and 4548726.
78
What is the highest common divisor of 261 and 382023?
9
Calculate the highest common divisor of 448449 and 249.
249
What is the highest common factor of 10912 and 33352?
88
What is the greatest common divisor of 47322 and 528?
66
What is the highest common divisor of 11123 and 33823?
227
Calculate the highest common factor of 12 and 2223876.
12